 divided by 2240?
1523
What is the remainder when 246334 is divided by 82108?
10
What is the remainder when 2146364 is divided by 1641?
1577
Calculate the remainder when 5934217 is divided by 1483528.
105
Calculate the remainder when 341942114 is divided by 359.
358
What is the remainder when 214998705 is divided by 5476?
5469
Calculate the remainder when 2843310 is divided by 152.
150
What is the remainder when 2793984 is divided by 163?
1
What is the remainder when 129584 is divided by 863?
134
Calculate the remainder when 5822711 is divided by 970347.
629
Calculate the remainder when 8502774 is divided by 4251371.
32
What is the remainder when 77069712 is divided by 5150?
5112
What is the remainder when 1407 is divided by 274?
37
Calculate the remainder when 543714 is divided by 18743.
167
Calculate the remainder when 1803 is divided by 390.
243
What is the remainder when 61387811 is divided by 4722139?
4
What is the remainder when 1959057 is divided by 51?
45
Calculate the remainder when 3178375 is divided by 307.
4
Calculate the remainder when 40236648 is divided by 18.
6
What is the remainder when 827067 is divided by 4156?
23
Calculate the remainder when 5611403 is divided by 35741.
66
Calculate the remainder when 33570 is divided by 5565.
180
What is the remainder when 21154377 is divided by 65?
62
Calculate the remainder when 217539 is divided by 10876.
19
Calculate the remainder when 98149 is divided by 1411.
790
Calculate the remainder when 633781 is divided by 1396.
1393
What is the remainder when 2602597 is divided by 440?
437
Calculate the remainder when 4556466 is divided by 320.
306
What is the remainder when 2778734 is divided by 481?
478
What is the remainder when 63797 is divided by 2570?
2117
Calculate the remainder when 1204082 is divided by 363.
11
What is the remainder when 43135631 is divided by 248?
247
What is the remainder when 765959 is divided by 991?
907
What is the remainder when 35979 is divided by 7062?
669
What is the remainder when 3945754 is divided by 318?
10
Calculate the remainder when 5990575 is divided by 401.
36
Calculate the remainder when 411530 is divided by 13687.
920
Calculate the remainder when 4805344 is divided by 1371.
1360
What is the remainder when 26310 is divided by 845?
115
What is the remainder when 12292 is divided by 1579?
1239
Calculate the remainder when 3210233 is divided by 44.
37
What is the remainder when 144540721 is divided by 2391?
2380
What is the remainder when 15347559 is divided by 5115848?
15
What is the remainder when 402135 is divided by 1704?
1695
What is the remainder when 57143622 is divided by 58?
50
What is the remainder when 285371 is divided by 292?
87
Calculate the remainder when 124689014 is divided by 165.
164
What is the remainder when 29062 is divided by 9663?
73
What is the remainder when 1864985 is divided by 217?
87
Calculate the remainder when 209355 is divided by 11018.
13
What is the remainder when 913626 is divided by 17238?
12
Calculate the remainder when 5846610 is divided by 1539.
1488
Calculate the remainder when 6810533 is divided by 1702619.
57
Calculate the remainder when 71378 is divided by 3528.
818
Calculate the remainder when 50295 is divided by 7176.
63
Calculate the remainder when 15266598 is divided by 28.
18
What is the remainder when 245399 is divided by 30283?
3135
Calculate the remainder when 91680 is divided by 22657.
1052
Calculate the remainder when 1594436 is divided by 300.
236
What is the remainder when 1453519 is divided by 81?
55
What is the remainder when 588532 is divided by 8917?
10
Calculate the remainder when 44619 is divided by 5552.
203
Calculate the remainder when 265154 is divided by 3489.
3479
Calculate the remainder when 5303 is divided by 10.
3
Calculate the remainder when 2402055 is divided by 21.
12
Calculate the remainder when 379447 is divided by 1135.
357
What is the remainder when 150958 is divided by 185?
183
What is the remainder when 535689 is divided by 19834?
171
Calculate the remainder when 28839914 is divided by 29.
23
Calculate the remainder when 884717 is divided by 12637.
127
Calculate the remainder when 162953 is divided by 27081.
467
What is the remainder when 1161615 is divided by 1161605?
10
What is the remainder when 23241237 is divided by 198?
195
Calculate the remainder when 4917266 is divided by 348.
26
Calculate the remainder when 157514743 is divided by 49.
29
What is the remainder when 146904 is divided by 20967?
135
What is the remainder when 73125128 is divided by 37?
30
Calculate the remainder when 8620515 is divided by 1077556.
67
Calculate the remainder when 23311 is divided by 23022.
289
Calculate the remainder when 805299 is divided by 296.
179
What is the remainder when 2408257 is divided by 106?
43
What is the remainder when 425909 is divided by 425857?
52
Calculate the remainder when 1758572 is divided by 439468.
700
Calculate the remainder when 19146311 is divided by 72.
71
What is the remainder when 20205767 is divided by 65?
62
Calculate the remainder when 3352755 is divided by 5330.
185
What is the remainder when 23823 is divided by 2535?
1008
Calculate the remainder when 576707 is divided by 7.
5
Calculate the remainder when 18602521 is divided by 79.
75
What is the remainder when 539606 is divided by 733?
118
Calculate the remainder when 12908875 is divided by 360.
355
What is the remainder when 1731990 is divided by 865958?
74
Calculate the remainder when 94221 is divided by 1723.
1179
What is the remainder when 19616685 is divided by 36?
33
Calculate the remainder when 6285216 is divided by 4146.
4026
What is the remainder when 42334872 is divided by 3?
0
What is the remainder when 10516278 is divided by 711?
588
Calculate the remainder when 197748 is divided by 29.
26
What is the remainder when 23611255 is divided by 129?
127
Calculate the remainder when 10164942 is divided by 2533.
13
What is the remainder when 61642 is divided by 1047?
916
Calculate the remainder when 7334556 is divided by 9.
6
Calculate the remainder when 6219 is divided by 1329.
903
Calculate the remainder when 78220 is divided by 1005.
835
What is the remainder when 40463333 is divided by 9?
8
Calculate the remainder when 1366165 is divided by 110.
75
What is the remainder when 136199 is divided by 3878?
469
Calculate the remainder when 1475798 is divided by 194.
40
What is the remainder when 119101 is divided by 376?
285
What is the remainder when 4775209 is divided by 4775209?
0
What is the remainder when 190271 is divided by 187775?
2496
What is the remainder when 3864470 is divided by 429?
38
Calculate the remainder when 402792 is divided by 2141.
284
What is the remainder when 570431 is divided by 283?
186
What is the remainder when 7416973 is divided by 50?
23
What is the remainder when 22820911 is divided by 2872?
2871
Calculate the remainder when 3441455 is divided by 10273.
0
What is the remainder when 179238 is divided by 89614?
10
What is the remainder when 198751 is divided by 66122?
385
What is the remainder when 204368 is divided by 3585?
23
Calculate the remainder when 2775307 is divided by 17.
6
What is the remainder when 3318042 is divided by 474005?
7
What is the remainder when 2158193 is divided by 308312?
9
What is the remainder when 13806637 is divided by 16224?
13
Calculate the remainder when 3131856 is divided by 16227.
45
What is the remainder when 116727545 is divided by 28?
25
Calculate the remainder when 46805 is divided by 94.
87
Calculate the remainder when 187330 is divided by 2.
0
What is the remainder when 333560 is divided by 333486?
74
What is the remainder when 641130 is divided by 45685?
1540
Calculate the remainder when 266743 is divided by 379.
306
Calculate the remainder when 3997437 is divided by 4164.
4161
Calculate the remainder when 47872 is divided by 2994.
2962
What is the remainder when 316583 is divided by 15827?
43
What is the remainder when 1421994153 is divided by 14?
13
What is the remainder when 3576222 is divided by 30?
12
What is the remainder when 53685 is divided by 351?
333
What is the remainder when 125893 is divided by 7404?
25
What is the remainder when 436481 is divided by 399?
374
Calculate the remainder when 739992 is divided by 7